pose -g - f + 315 = 4*g, -v*g + f + 197 = 0. What is the remainder when 189 is divided by g?
61
Let u be -1*((-8 - -5 - 38) + -1). Calculate the remainder when 146 is divided by 5*u/90*21.
48
Suppose h + 5 = 5*o - 4*h, o + 3*h = -3. Suppose o*c - 4*c + 8 = 0. Suppose -4*i + 21 = -w, 2 + 7 = i - 4*w. What is the remainder when i is divided by c?
1
Suppose 0 = 5*x - 239 - 386. Let b(j) = -j**2 - 18*j - 73. Let w be b(19). Let k = 790 + w. Calculate the remainder when x is divided by k.
13
Let d = -6876 + 6891. Suppose -2*q = -6*q - 12. Calculate the remainder when 545/d - (-1)/q is divided by 8.
4
Suppose 0 = 6*m - 934 - 1322. Suppose -n + 5 = 0, 0 = d - 5*n + 4 + 1. Calculate the remainder when m is divided by d.
16
Let w(r) = -r**2 + 36*r - 136. What is the remainder when 2239 is divided by w(31)?
16
Let q(f) = -f**3 - 15*f**2 - 2*f + 201. What is the remainder when 211 is divided by q(-14)?
13
Let n = 57 - 55. Suppose 8*k - 224 = 40. Calculate the remainder when 47 is divided by (11/k)/(n/108).
11
Suppose 20 = 4*z - 3*q, z - 20*q - 5 = -25*q. Let x(i) = 3*i**3 - 18*i**2 - 12*i + 14. What is the remainder when x(7) is divided by z?
2
Let q(f) = 9*f**2 - 2*f + 13. Let p(m) = m**3 - 22*m**2 - 73*m - 46. Let j be p(25). Calculate the remainder when q(j) is divided by 50.
49
Let f(z) = z + 25. Let k be f(-7). Suppose -16*u + k*u = 12. Calculate the remainder when 1/6 - (-689)/u is divided by 13.
11
Let b = 333 - 18. What is the remainder when 202 is divided by 16095/b + (-4)/42?
49
Let a = 132 - 70. Let b = -57 + a. Suppose b*o - 3*r - r = 811, 791 = 5*o + r. Calculate the remainder when o is divided by 23.
21
Suppose -101*m + 4355 + 1406 = -2622. Calculate the remainder when m is divided by 12.
11
Let s be ((-776)/16)/(2/(-4)). Let g = s - 75. Calculate the remainder when 34 is divided by g.
12
Let l = 1776 - 1477. What is the remainder when l is divided by 34?
27
Suppose -85*n + 25866 + 40764 = 8490. Calculate the remainder when n is divided by 84.
12
Let l = -4344 + 4355. Calculate the remainder when 2578 is divided by l.
4
Let m be 38/(-95) + 4/10. Let d be (1 + 0 + m)/(2/(-70)). What is the remainder when 46 is divided by (-415)/d - (-1)/7?
10
Suppose 14*y = 119 - 49. Calculate the remainder when (-6)/(y/(-20) - (-14)/120) is divided by 12.
9
Let q = -485 - -1266. Calculate the remainder when q is divided by 56.
53
Suppose -325 = 5*f - 960. Let n(l) = -4*l + 20. Let t be n(4). Suppose 172 = t*o - 3*h, -142 = -3*o - 2*h - 13. Calculate the remainder when f is divided by o.
41
Let o = 27 + -19. Suppose 4*f - 88 = -4*x, -2*x + 96*f = 100*f - 36. What is the remainder when x is divided by o?
2
What is the remainder when (-13710)/(-50)*50/15 is divided by 444?
26
Suppose -15*t - 61 = 14. Calculate the remainder when (-2 - t)*(-26)/(-3) is divided by 19.
7
Let k(c) = -9 + 0 + 2*c**2 - 1 + 24*c + 16. What is the remainder when k(-16) is divided by 36?
26
Calculate the remainder when 570/2 + ((-54)/(-30))/(18/(-60)) is divided by 17.
7
Let w be (10/30)/(1/1572). Let d = 26 + -23. Suppose -5*g + d*k = -638, k - w = -4*g - 0*k. What is the remainder when g is divided by 33?
31
Let y(c) = 17*c**2 + 282*c + 2479. What is the remainder when y(-9) is divided by 222?
208
Suppose 156*z - 5481 = -1113. Calculate the remainder when 5793 is divided by z.
25
Let q = -59 - -88. Suppose 4*w + 348 = 7*w. Let m = 231 - w. Calculate the remainder when m is divided by q.
28
Let i = 121 - 112. Calculate the remainder when 32 is divided by i.
5
Let z = 428 - 367. Calculate the remainder when 129 is divided by 8/(-4)*1 + z.
11
Suppose -4*z - 75 = -o, 3*o - 2*z - 247 = -z. Calculate the remainder when 318 is divided by o.
69
Let l(j) be the third derivative of j**4/24 - 5*j**3/3 - j**2. Let t(a) = -9. Let y(n) = 6*l(n) - 5*t(n). Calculate the remainder when y(7) is divided by 15.
12
Let r = -386 - -432. Calculate the remainder when r is divided by ((-111)/(-6) - -1)/(99/132).
20
Suppose 12313 = 7*h + 8890. What is the remainder when h is divided by 82?
79
Suppose -5*b = -4*c - 852, -b + 5*c + 519 = 2*b. Calculate the remainder when b is divided by 81.
6
Let m = 29030 + -28546. What is the remainder when m is divided by 154?
22
Let b(n) = 2*n**2 - 4*n + 92. What is the remainder when b(0) is divided by -1 + 1 + 1 + 30?
30
Suppose 32*f - 109824 = -26528. What is the remainder when f is divided by 31?
30
Let i = -474 - -833. Let t = 406 - i. Let g(v) = -24*v + 1. What is the remainder when t is divided by g(-1)?
22
Let m be (-14)/63 - (-60)/27. Suppose 3*y = 2*r - 28, -2*r - 3*y = -r - 14. What is the remainder when 207/6*(m/6 - -1) is divided by r?
4
Let u(y) = -y**3 + 4*y**2 + 5*y - 2. Suppose -f - 114 = -4*f. Let j = 40 - f. Calculate the remainder when 157 is divided by u(j).
13
Suppose -1778 = -4*b - 6426. Let p(w) = 2*w**2 - 6*w + 7. Calculate the remainder when (b/42)/(1/(-3)) is divided by p(6).
40
Let m = -4413 - -4508. Calculate the remainder when m is divided by 21.
11
Suppose 4*r - a = -8 - 1, -2*a = 2*r + 12. Let m be (5/r)/((-52)/51 - -1). Let p = m + -80. What is the remainder when 22 is divided by p?
2
What is the remainder when 21/(126/12594)*1 is divided by 75?
74
Suppose 4*f = 4*g + 3816 - 736, -f - 3*g + 786 = 0. What is the remainder when f is divided by 12?
6
Let j(u) = -u**3 + 5*u**2 - 6*u + 6. Let g be j(4). Calculate the remainder when (-42 + -4)/((-7)/g - 4) is divided by 8.
4
Let h(n) = -56*n + 69*n + 1 - 13*n**2 + 0*n**2 - n**3. Suppose 3*i - 2*i = -2*y + 10, 16 = -2*i + 5*y. Calculate the remainder when h(-14) is divided by i.
1
Suppose 20*i = 12*i - 144. Calculate the remainder when 6/(-4) - (-825)/6 is divided by -2 - (-20)/9 - 410/i.
21
Let p(w) = -w**3 + 3*w**2 + 6*w - 3. Let l be p(3). Suppose -2*t - l*t = -2091. Calculate the remainder when t is divided by 23.
8
Let m(l) = -12*l - 1. What is the remainder when ((-4)/10)/((-1322)/440 - (16 + -19)) is divided by m(-4)?
41
Let v be 12/(-4) + (2 + -1 - 2). Let k be (-13)/v + (-69)/(-92). Calculate the remainder when ((-3582)/(-12))/(6/k) is divided by 50.
49
Calculate the remainder when 1203 is divided by (-4)/(-38) - (7 + 5694/(-57)).
87
Let r(d) = 3*d**2 + 3*d + 5. Suppose 2*f + 81 + 45 = 0. Let x = -60 - f. What is the remainder when r(-2) is divided by x?
2
Let k = 547 + -528. Let p(i) = -i**3 - 9*i**2 + 6*i - 10. Calculate the remainder when p(-10) is divided by k.
11
Let p(r) = -7*r**2 - 485*r + 384. Calculate the remainder when 441*1 - (0 - -1) is divided by p(-70).
32
Let b be 2312/20 - (42/15)/(-7). Suppose 8*i = 12*i - b. Calculate the remainder when 54 is divided by i.
25
Let d = 153 + -50. Let m be 15*1*(-8)/(-24). Suppose 0 = -10*g + m*g + 90. Calculate the remainder when d is divided by g.
13
Suppose 0 = -m - 1, 5 = 2*y - 453*m + 456*m. What is the remainder when 882 is divided by y?
2
Suppose -c + 2*j + 454 = 0, 0 = 4*j - 20. Calculate the remainder when c is divided by 14.
2
Suppose 3*t = 7*x - 4*x - 3, -4*t - 4*x - 28 = 0. What is the remainder when ((-64)/4)/t*10 is divided by 14?
12
Suppose -60*j = -1757 + 317. Calculate the remainder when 1985 is divided by j.
17
Let a(n) = -2*n**3 + 13*n**2 - 6*n + 6. Let w be a(6). Let v(i) = -2*i**3 + 13*i**2 + 9*i - 7. Calculate the remainder when v(w) is divided by 21.
20
Let b(p) = p**3 - p - 7. Let g be b(0). Let c be 12/(-18)*(g - -1). What is the remainder when (14/c + -3)/((-6)/(-2040)) is divided by 58?
54
Let c(k) = k**2 + 10*k - 28. Let v be c(-13). Let a be v/((-55)/(-3)) - 526/10. Let l = 75 + a. Calculate the remainder when l is divided by 13.
10
Let i = 38656 + -38208. Calculate the remainder when 915 is divided by i.
19
Let y be -4 + 44/10 + (-52)/5. Let r be ((-8)/6)/(y/15)*-9. Let a = r + 25. What is the remainder when 12 is divided by a?
5
Let o be (180/(-210))/((-3)/238). Suppose -11480 = o*m - 103*m. Calculate the remainder when m is divided by 10.
8
Let i = 10666 - 10658. Let o(v) = -5*v**2 - 4 - 2*v + 14*v**3 + 4*v - 13*v**3. What is the remainder when i is divided by o(5)?
2
Let f(i) = i**3 + 15*i**2 - 79*i - 440. Suppose 0 = -4*j, -5*r - 3*j + 0*j = -40. Calculate the remainder when f(-18) is divided by r.
2
Suppose -922 = -4*s - 134. Let z = 307 - 287. Calculate the remainder when s is divided by z.
17
Suppos